inder when 3275 is divided by 32.
11
What is the remainder when 8302 is divided by 23?
22
Calculate the remainder when 2277 is divided by 20.
17
What is the remainder when 648 is divided by 61?
38
Calculate the remainder when 1284 is divided by 397.
93
What is the remainder when 1082 is divided by 10?
2
Calculate the remainder when 114 is divided by 39.
36
What is the remainder when 85 is divided by 44?
41
What is the remainder when 317 is divided by 41?
30
What is the remainder when 2404 is divided by 83?
80
What is the remainder when 14 is divided by 3?
2
Calculate the remainder when 40 is divided by 22.
18
Calculate the remainder when 17 is divided by 7.
3
What is the remainder when 182 is divided by 91?
0
What is the remainder when 534 is divided by 66?
6
What is the remainder when 143 is divided by 10?
3
What is the remainder when 1556 is divided by 1541?
15
Calculate the remainder when 2544 is divided by 23.
14
Calculate the remainder when 18677 is divided by 40.
37
Calculate the remainder when 272 is divided by 72.
56
Calculate the remainder when 172 is divided by 23.
11
Calculate the remainder when 2489 is divided by 250.
239
What is the remainder when 3874 is divided by 94?
20
Calculate the remainder when 49061 is divided by 102.
101
What is the remainder when 996 is divided by 9?
6
What is the remainder when 521 is divided by 169?
14
What is the remainder when 15558 is divided by 197?
192
Calculate the remainder when 2290 is divided by 2281.
9
What is the remainder when 158 is divided by 27?
23
What is the remainder when 338 is divided by 46?
16
Calculate the remainder when 3318 is divided by 549.
24
What is the remainder when 114 is divided by 24?
18
What is the remainder when 699 is divided by 16?
11
Calculate the remainder when 714 is divided by 703.
11
What is the remainder when 101 is divided by 3?
2
Calculate the remainder when 4592 is divided by 63.
56
What is the remainder when 722 is divided by 121?
117
Calculate the remainder when 7195 is divided by 19.
13
Calculate the remainder when 269 is divided by 13.
9
What is the remainder when 1784 is divided by 499?
287
Calculate the remainder when 136 is divided by 6.
4
Calculate the remainder when 122 is divided by 65.
57
What is the remainder when 611 is divided by 225?
161
Calculate the remainder when 3608 is divided by 97.
19
Calculate the remainder when 1642 is divided by 87.
76
Calculate the remainder when 2038 is divided by 120.
118
What is the remainder when 14 is divided by 9?
5
Calculate the remainder when 63 is divided by 15.
3
What is the remainder when 1197 is divided by 10?
7
Calculate the remainder when 480 is divided by 134.
78
Calculate the remainder when 256 is divided by 79.
19
Calculate the remainder when 241 is divided by 22.
21
What is the remainder when 31345 is divided by 461?
458
Calculate the remainder when 4217 is divided by 37.
36
Calculate the remainder when 293 is divided by 99.
95
Calculate the remainder when 557 is divided by 8.
5
Calculate the remainder when 5086 is divided by 7.
4
What is the remainder when 2091 is divided by 64?
43
Calculate the remainder when 3259 is divided by 22.
3
What is the remainder when 82 is divided by 17?
14
Calculate the remainder when 9 is divided by 6.
3
What is the remainder when 879 is divided by 11?
10
Calculate the remainder when 57 is divided by 32.
25
Calculate the remainder when 233 is divided by 5.
3
What is the remainder when 71 is divided by 24?
23
Calculate the remainder when 587 is divided by 19.
17
What is the remainder when 56 is divided by 37?
19
What is the remainder when 443 is divided by 5?
3
What is the remainder when 536 is divided by 45?
41
What is the remainder when 1302 is divided by 323?
10
Calculate the remainder when 203 is divided by 95.
13
What is the remainder when 64 is divided by 9?
1
Calculate the remainder when 140 is divided by 49.
42
What is the remainder when 79 is divided by 47?
32
What is the remainder when 19506 is divided by 7?
4
Calculate the remainder when 233 is divided by 44.
13
What is the remainder when 926 is divided by 7?
2
What is the remainder when 326 is divided by 12?
2
Calculate the remainder when 232 is divided by 39.
37
Calculate the remainder when 1085 is divided by 242.
117
Calculate the remainder when 45 is divided by 21.
3
What is the remainder when 293 is divided by 47?
11
What is the remainder when 37 is divided by 14?
9
What is the remainder when 74 is divided by 8?
2
Calculate the remainder when 277 is divided by 14.
11
What is the remainder when 825 is divided by 9?
6
What is the remainder when 22 is divided by 10?
2
Calculate the remainder when 54 is divided by 34.
20
Calculate the remainder when 1183 is divided by 148.
147
What is the remainder when 131 is divided by 22?
21
Calculate the remainder when 85 is divided by 40.
5
Calculate the remainder when 215 is divided by 74.
67
Calculate the remainder when 1519 is divided by 29.
11
Calculate the remainder when 253 is divided by 130.
123
What is the remainder when 304 is divided by 43?
3
What is the remainder when 787 is divided by 37?
10
What is the remainder when 546 is divided by 64?
34
What is the remainder when 6438 is divided by 23?
21
What is the remainder when 6537 is divided by 13?
11
What is the remainder when 1617 is divided by 36?
33
What is the remainder when 745 is divided by 362?
21
Calculate the remainder when 15605 is divided by 27.
26
Calculate the remainder when 79 is divided by 20.
19
Calculate the remainder when 1643 is divided by 9.
5
What is the remainder when 190 is divided by 103?
87
What is the remainder when 1017 is divided by 20?
17
What is the remainder when 189 is divided by 13?
7
Calculate the remainder when 11492 is divided by 209.
206
What is the remainder when 209 is divided by 60?
29
Calculate the remainder when 736 is divided by 106.
100
Calculate the remainder when 295 is divided by 293.
2
Calculate the remainder when 319 is divided by 32.
31
Calculate the remainder when 270 is divided by 11.
6
Calculate the remainder when 142 is divided by 6.
4
What is the remainder when 678 is divided by 133?
13
Calculate the remainder when 215 is divided by 24.
23
What is the remainder when 767 is divided by 28?
11
What is the remainder when 5144 is divided by 147?
146
Calculate the remainder when 728 is divided by 725.
3
Calculate the remainder when 1082 is divided by 358.
8
What is the remainder when 161 is divided by 15?
11
What is the remainder when 201 is divided by 3?
0
Calculate the remainder when 28193 is divided by 76.
73
Calculate the remainder when 130 is divided by 20.
10
Calculate the remainder when 1164 is divided by 2.
0
Calculate the remainder when 63 is divided by 11.
8
What is the remainder when 97 is divided by 15?
7
What is the remainder when 325 is divided by 64?
5
Calculate the remainder when 1318 is divided by 34.
26
What is the remainder when 119 is divided by 67?
52
Calculate the remainder when 166 is divided by 103.
63
What is the remainder when 3211 is divided by 1602?
7
Calculate the remainder when 496 is divided by 271.
225
What is the remainder when 375 is divided by 74?
5
What is the remainder when 188 is divided by 89?
10
Calculate the remainder when 141 is divided by 16.
13
Calculate the remainder when 442 is divided by 57.
43
Calculate the remainder when 2137 is divided by 67.
60
Calculate the remainder when 463 is divided by 5.
3
What is the remainder when 17 is divided by 9?
8
What is the remainder when 948 is divided by 95?
93
Calculate the remainder when 1351 is divided by 52.
51
Calculate the remainder when 1357 is divided by 68.
65
What is the remainder when 821 is divided by 93?
77
Calculate the remainder when 797 is divided by 47.
45
What is the remainder when 45 is divided by 28?
17
What is the remainder when 35 is divided by 6?
5
Calculate the remainder when 569 is divided by 44.
41
What is the remainder when 1258 is divided by 28?
26
Calculate the remainder when 2205 is divided by 16.
13
What is the remainder when 285 is divided by 13?
12
Calculate the remainder when 157 is divided by 27.
22
What is the remainder when 107 is divided by 24?
11
What is the remainder when 366 is divided by 74?
70
What is the remainder when 273 is divi